 u(7)?
12
Suppose 3*i - 28 = -i. Calculate the remainder when (-2)/(-15) - (-2682)/135 is divided by i.
6
Let v be 10/25 - 133/(-5). What is the remainder when 48 is divided by (-2)/(1 + v/(-25))?
23
Let o(p) = p**3 + 8*p**2 - 17*p + 14. What is the remainder when o(-9) is divided by 11?
9
Let i(l) = l**3 - 3*l**2 - 7*l - 2. Let j = 1 + -1. Suppose -g + 2*g - 38 = j. Calculate the remainder when g is divided by i(5).
12
Let q = 72 - 49. Suppose 3*v - 164 - 40 = 0. What is the remainder when v is divided by q?
22
What is the remainder when 7 is divided by 12/16 - (-9)/4?
1
Let x(i) = 2*i**2 + 3*i + 8. Calculate the remainder when x(4) is divided by 14.
10
Let i be 7 - (5 - 3) - 2. Suppose -5*a = 20, -136 = -i*d - 2*a + 6*a. What is the remainder when d is divided by 14?
12
Let m be (8/(-10))/(2/(-290)). Suppose 0 = -2*x - 2*x + m. Calculate the remainder when x is divided by 1/(-3) - 93/(-9).
9
Let u = 36 - 19. Calculate the remainder when u is divided by 9.
8
Calculate the remainder when 43 - (-8 - (2 + -6)) is divided by 10.
7
Suppose -2*y - 2 = -3*y. Let v(i) = 3*i**2 + 1. What is the remainder when (y/3)/(2/111) is divided by v(2)?
11
Let i be -5*((-756)/(-10))/(-3). Suppose 2*z = 18*z - 5056. Suppose -z = -5*s - i. What is the remainder when s is divided by 10?
8
Let b(t) = t**2 + 2*t - 1. Suppose -2*u = 4*u - 12. Suppose 3*w - 5 = u*w. What is the remainder when w is divided by b(-3)?
1
Suppose -20*v = -17*v - 84. Suppose 5*r + 65 = -2*l + 5*l, -3*l = 4*r - 29. Calculate the remainder when v is divided by l.
13
Calculate the remainder when 1*1/(1/61) is divided by 8.
5
Let i = -2 - -6. Let f = 0 + 14. Suppose 2*q - f - 64 = -2*o, i*q + 3*o = 161. What is the remainder when q is divided by 15?
14
Let r(c) = 12*c**2 + 10*c - 4. Calculate the remainder when r(-3) is divided by 13.
9
Let x(y) = -y**2 - 19*y - 86. Suppose -o + 10 = -0*o. Calculate the remainder when ((-6)/(-4))/3*o is divided by x(-11).
1
Suppose -4*v - 56 = -4*p, -p = -2*p + 2*v + 11. Suppose -3*z - 5*r = -155, 2*z = r + 2*r + 97. Calculate the remainder when z is divided by p.
16
Let r(d) = -6 - d**2 - 5*d**2 + d - d**3 - 1. Let o = -23 - -16. What is the remainder when r(o) is divided by 18?
17
Let p(c) = -c**3 - 10*c**2 - 5*c + 11. Calculate the remainder when p(-10) is divided by 31.
30
Let r = -53 - -81. What is the remainder when 55 is divided by r?
27
Suppose 3*b - 5*b = 0. Suppose 3*q - 26 = -5*l + 6, l - q = b. What is the remainder when 6 is divided by l?
2
Let s(n) = n + 12. Calculate the remainder when 60 is divided by s(-3).
6
Let s = 7 + 8. What is the remainder when ((-3)/2)/((-2)/76) is divided by s?
12
Let x = 115 - 5. Let m = -74 + x. Calculate the remainder when ((-2)/(-4))/(1/m) is divided by 10.
8
Let i(x) = -x**3 + 11*x**2 + 2*x - 9. Calculate the remainder when ((-14)/10 + 1)*-125 is divided by i(11).
11
Suppose -n - f + 19 = 0, 3*f = -2*n + 2*f + 42. Suppose -4*b + 53 = -a, -5*a = b - 2*b + 37. Calculate the remainder when n is divided by b.
11
Suppose 5*m - 12 = 7*m. Calculate the remainder when 58 is divided by (-184)/m + (-10)/15.
28
Suppose 2*h - 8 = -2*h. Suppose -7*f = -3*f + 4*t - 16, -4*t = -f + 9. What is the remainder when f is divided by h?
1
Let v = 21 + -10. Let j = v + 15. Suppose -34 = -5*c + 36. Calculate the remainder when j is divided by c.
12
Suppose 2*s + 2*s = 0. Suppose s = -3*v - 2*v - 75. Let a = -3 - v. What is the remainder when 35 is divided by a?
11
Suppose -4*u - 3 = -3*u. Let i = u + 20. Let j = -57 + 106. What is the remainder when j is divided by i?
15
Let a = 18 + -7. Let r = -143 + 174. What is the remainder when r is divided by a?
9
Let w = -29 + 45. Suppose 4*z - w = 0, -2*y - 7*z = -3*z - 36. Calculate the remainder when 18 is divided by y.
8
Let t(p) = -8*p + 4. Let u be t(5). Let h = -11 - u. What is the remainder when h is divided by 9?
7
Let j = -114 - -255. What is the remainder when j is divided by 48?
45
Suppose -4*m + 7 + 21 = 0. Suppose -m*q = -3*q - 68. Calculate the remainder when 33 is divided by q.
16
Suppose -33 = -2*g - g + 3*y, -2*g + 30 = -4*y. What is the remainder when 17 is divided by g?
3
Suppose -169 - 67 = -4*q. What is the remainder when q is divided by 10?
9
Let p(h) = h + 7. Let b be p(-3). Suppose 26 = -b*y - 10. Calculate the remainder when (-2)/y + (-2060)/(-45) is divided by 12.
10
Let t = -12 + 17. What is the remainder when 15/6*52/t is divided by 9?
8
Let l be 16/(-72) - 52/9. Calculate the remainder when 34 is divided by 27/l*(-5 + 3).
7
Let v = 56 + -16. Let q = 33 - 7. Suppose 0 = -2*m + q + 16. What is the remainder when v is divided by m?
19
Let a = -4 + 4. Suppose 3*o - o - 28 = a. What is the remainder when 40 is divided by o?
12
Suppose 0 = -2*s - 5*l + 9*l + 84, 0 = 5*l + 20. What is the remainder when 100 is divided by s?
32
Let a = 9 - 2. Suppose -11 = -2*i + a. Calculate the remainder when 8/36*-6*-12 is divided by i.
7
Let b(o) = 4*o - 16. Calculate the remainder when 21 is divided by b(6).
5
Let f(p) = p**3 + 3*p**2 + p - 1. Let d = -14 - -7. Let v(u) = -5*u - 16. What is the remainder when f(3) is divided by v(d)?
18
Calculate the remainder when 30 is divided by ((-1)/(-3))/((-5)/(-165)).
8
Suppose 23*o - 21*o = 26. What is the remainder when o is divided by 7?
6
Suppose -5*j = -3*p - 5, -3*j - 4*p = -j - 28. Suppose 0 = -9*w + j*w + 120. What is the remainder when w is divided by 13?
11
Suppose 0*m + m - 3 = 0. Calculate the remainder when 9 is divided by m.
0
Let h = -37 - -84. What is the remainder when 184 is divided by h?
43
Suppose 0 = -0*l + 5*l - 5. What is the remainder when l/(-4) + (-884)/(-16) is divided by 19?
17
Suppose 3*m = 2*m + 17. Calculate the remainder when m is divided by 9.
8
Calculate the remainder when 99 is divided by (1 - (-22 - 2))/1.
24
Let h(g) = g**3 - 3*g**2 + 4. Let f be h(4). Let r(y) = -y**2 + y + 4. What is the remainder when (2 - f)/(-3) + 1 is divided by r(0)?
3
What is the remainder when 38 is divided by (84/6*2)/(-2 - -4)?
10
Let p(x) = -x**3 + x**2 + 4*x - 3. Let c be p(2). Let o = 18 + -8. Calculate the remainder when c + 2/2 + 26 is divided by o.
8
Let c(w) = 3*w**2 + 3*w - 17. What is the remainder when c(-6) is divided by 22?
7
Let s = 12 + 3. What is the remainder when s is divided by 8?
7
Let n(b) = b**2 + 4*b. Let w be n(-5). Suppose w*p - 144 + 19 = 0. Suppose -34 = -4*a + 2*k, -k - 29 = -3*a - 3*k. What is the remainder when p is divided by a?
7
Let q = 48 - 23. Suppose -17*w + 99 + 700 = 0. Calculate the remainder when w is divided by q.
22
Let a = 2 + 1. Suppose a*o - 10 = -2*o. Suppose o - 12 = -5*f. What is the remainder when 5 is divided by f?
1
Let r(a) = a - 3. Suppose -2*u - 206 = -3*x - u, -342 = -5*x + u. Suppose -n + x = 5*c, 2*n = -c - n + 8. Calculate the remainder when 30 is divided by r(c).
8
Let i = 28 - 17. What is the remainder when i*(-16)/(8/(-2)) is divided by 23?
21
Let i(u) = u**2 - 8*u + 14. What is the remainder when (3 + 1)*(7 - 2) is divided by i(7)?
6
What is the remainder when 73 is divided by -3 + -1 + 9 + 10?
13
Let j(i) = i - 1. Let g(w) = 4*w. Let c(r) = g(r) - 3*j(r). Let v(p) = -p - 5. Let f be v(-10). Calculate the remainder when 14 is divided by c(f).
6
Let i(h) = -h**3 + 10*h**2 + h + 11. Calculate the remainder when 41 is divided by i(10).
20
Let k = 81 - 32. Calculate the remainder when k is divided by 26.
23
Suppose 5*a - 20 = 0, 0*l + l - 5*a + 16 = 0. What is the remainder when 11 is divided by l?
3
Suppose 10 = -2*q, 7*q = -5*d + 3*q - 15. Suppose -2*b = w - d, 5*b + 3*w - 10 = 8*w. What is the remainder when 2 is divided by b?
0
Suppose -10 + 5 = -l. Let b(v) = -v + 8. What is the remainder when l is divided by b(6)?
1
Let a = 7 - -40. Calculate the remainder when a is divided by 24.
23
Suppose -w + 4 = 1. Suppose -w*n - 5*t + 59 = 0, -7*t - 122 = -4*n - 5*t. Let q = -21 - -36. What is the remainder when n is divided by q?
13
Let f = -6 + 12. Suppose -10 = -3*m - 1. Suppose i = -2*d + 3, 5*d - 7*i - 40 = -m*i. What is the remainder when f is divided by d?
2
What is the remainder when (1 - 4/12)*27 is divided by -3 - (-1 - (10 + 2))?
8
Let i = -2 - -2. Let p(z) = -z**3 + z**2 - z + 14. Calculate the remainder when 26 is divided by p(i).
12
Let i(g) = g + 10. Let u be i(-9